{"id":50,"date":"2024-10-11T11:13:32","date_gmt":"2024-10-11T11:13:32","guid":{"rendered":"http:\/\/dradra.de\/?page_id=50"},"modified":"2025-03-02T12:37:51","modified_gmt":"2025-03-02T12:37:51","slug":"ueber-mich","status":"publish","type":"page","link":"https:\/\/physiotl.de\/?page_id=50","title":{"rendered":"\u00dcber mich"},"content":{"rendered":"<p><img loading=\"lazy\" decoding=\"async\" class=\"wp-image-286 size-medium alignleft\" src=\"https:\/\/physiotl.de\/wp-content\/uploads\/2024\/10\/IMG-20240616-WA0001-1-203x300.jpg\" alt=\"\" width=\"203\" height=\"300\" srcset=\"https:\/\/physiotl.de\/wp-content\/uploads\/2024\/10\/IMG-20240616-WA0001-1-203x300.jpg 203w, https:\/\/physiotl.de\/wp-content\/uploads\/2024\/10\/IMG-20240616-WA0001-1.jpg 668w\" sizes=\"auto, (max-width: 203px) 100vw, 203px\" \/><\/p>\n<p><strong>Promotion<\/strong><\/p>\n<ul>\n<li>Promoventin der Charit\u00e9 Universit\u00e4tsmedizin Berlin<\/li>\n<li>Erstbetreuerin Prof. Dr. Sabine Schleiermacher<\/li>\n<li>Thema <em data-wp-editing=\"1\">Die Geschichte der Berufe in der Physiotherapie und deren Reglulierung durch Berufsgesetze<br \/><\/em><\/li>\n<\/ul>\n<p><strong>Lehr-Erasmus<\/strong><\/p>\n<ul>\n<li>ZHAW Gesundheit in Winterthur\/Schweiz im M\u00e4rz 2018<\/li>\n<li>Haute Ecole Libre de Bruxelles Ilya Prigogine (HELB-IP) in Br\u00fcssel\/Belgien im November 2018.<\/li>\n<\/ul>\n<p><strong>Publikationen<\/strong><\/p>\n\n\n<ol class=\"wp-block-list\">\n\n<li>K\u00fchnast, Petra (2024):<em> Ethik in der Ergotheraphie, Physiotherapie, Logop\u00e4die: Praxisbez\u00fcge. <\/em>In: L\u00fccking, Christiane; Gaede-Illig, Cathleen (Hrsg.):<em> Therapiewissenschaften. Konzepte und Methoden f\u00fcr Health Professionals. <\/em>Bern: Hogrefe Verlag; S. 89-134. <a href=\"https:\/\/www.hogrefe.com\/de\/shop\/therapiewissenschaften-98921.html\">beim Verlag<\/a><\/li>\n\n\n\n<li>K\u00fchnast, Petra (2020): <em>Ethik in der Physiotherapie<\/em>. In: H\u00f6ppner, Heidi; K\u00fchnast, Petra; Winkelmann, Claudia (Hrsg.): <em>Potentiale der Physiotherapie erkennen und nutzen. Von der Kompetenz zur Performanz.<\/em> <em>Bern: Hogrefe Verlag; <\/em>S. 185-196.<\/li>\n\n\n\n<li>K\u00fchnast, Petra (2018):<em> Paradigmenorientierte Ann\u00e4herung an die Physiotherapie. <\/em>In: H\u00f6ppner, Heidi, Richter, Robert (Hrsg.):<em> Theorien und Modelle der Physiotherapie. Ein Handbuch. <\/em>Bern: Hogrefe Verlag; S. 69-80.<\/li>\n<\/ol>\n\n\n\n<p><strong>Ver\u00f6ffentlichungen in Zeitschriften<\/strong><\/p>\n\n\n\n<ol class=\"wp-block-list\">\n<li>K\u00fchnast, Petra (2021):<em> Ethik in der Physiotherapie. Warum ist die Besch\u00e4ftigung mit ethischen Fragestellungen in der Physiotherapie bedeutsam? <\/em>In: zur sache physiotherapie, 1, S. 44-45.<\/li>\n\n\n\n<li>K\u00fchnast, Petra (2021):<em> E wie Ethik. Warum Reflexion und Austausch von beruflichem Handeln wichtig sind. <\/em>In: physiopraxis, 19, 3, S. 10-13.<\/li>\n\n\n\n<li>K\u00fchnast, Petra (2021):<em> Ethik in der Physiotherapie. Warum ist die Besch\u00e4ftigung mit ethischen Fragestellungen in der Physiotherapie bedeutsam? <\/em>In: zur sache physiotherapie, 1, S. 44-45.<\/li>\n\n\n\n<li>K\u00fchnast, Petra (2020): Eine Woche bei meinem Patienten \u2013 Erfahrungsbericht einer Physiotherapeutin. In: physiopraxis, 18, 07\/08, 64-65.<\/li>\n\n\n\n<li>K\u00fchnast, Petra (2020): <em>Eine Berufskammer f\u00fcr TherapeutInnen? Ergebnisse einer Podiumsdiskussion an der ASH Berlin.<\/em> In: Dr. med. Mabuse. Zeitschrift f\u00fcr alle Gesundheitsberufe, 243, 45(1\/2).\u00a0<\/li>\n<\/ol>\n\n\n\n<p><strong>Online Ver\u00f6ffentlichungen<\/strong><\/p>\n\n\n\n<ol class=\"wp-block-list\">\n<li>H\u00f6ppner, Heidi; K\u00fchnast, Petra (2022): Videointerview mit Preusker, Sven zum Buch <em>Potenziale der Physiotherapie erkennen und nutzen.<\/em> medhochzwei, 23 Minuten; https:\/\/www.medhochzwei-verlag.de\/Video\/Details\/86894 [Letzter Zugriff: 15.10.2024].<\/li>\n\n\n\n<li>K\u00fchnast, Petra (2022):<em> Ethisch physiotherapeutisch Handeln \u2013 oder das moderne Dilemma mit der Berufspolitik.<\/em> Podcast-Folge Sprechzeit mit Anja:Henrik. 50 Minuten; https:\/\/open.spotify.com\/episode\/443XsvOID713v1cPmTc0oq [Letzter Zugriff: 15.10.2024].<\/li>\n\n\n\n<li>K\u00fchnast, Petra; Winkelmann, Claudia (2020): <em>Physiotherapie in der Intensivmedizin \u2013 Handreichung. Versorgung von Intensiv-Patient_innen derzeit besonders wichtig \u2013 Ver\u00f6ffentlichung informiert und will zu Engagement anregen.<\/em> https:\/\/www.ash-berlin.eu\/hochschule\/presse-und-newsroom\/news\/news\/physiotherapie-in-der-intensivmedizin-handreichung-jetzt-offen-zugaenglich\/ [Letzter Zugriff: 15.10.2024].<\/li>\n<\/ol>\n\n\n<p><strong>Studium zur Diplom Medizinp\u00e4dagogin<\/strong><\/p>\n<ul>\n<li>09\/10 &#8211; 12\/15 an der Charit\u00e9 &#8211; Universit\u00e4tsmedizin Berlin<br \/>und an der Humboldt-Universit\u00e4t<\/li>\n<li>10\/14 &#8211; 04\/15 Studium-bezogener Aufenthalt an der<br \/>Western University in London\/Ontario\/Kanada<br \/>Webseite \u00fcber meine Erfahrungen dort: <a href=\"https:\/\/pt-in-ontario.de\">pt-in-ontario.de<\/a><\/li>\n<\/ul>\n<p><strong>Berufliche Bildung zur Physiotherapeutin<\/strong><\/p>\n<ul>\n<li>09\/87 &#8211; 08\/91 Medizinische Fakult\u00e4t der Humbold-Universit\u00e4t zu Berlin<\/li>\n<\/ul>\n<p><strong>Zusatzqualifikationen<\/strong><\/p>\n<ul>\n<li>2024  \u201eBerliner Zertifikat f\u00fcr Hochschullehre\u201c <\/li>\n<li>2023 Peer-Tutoring-Kurs &#8222;Kinaesthetics in der Pflege&#8220;<\/li>\n<li>seit 2021 Heilpraktikerin f\u00fcr den Bereich der Physiotherapie<\/li>\n<li>seit 2005 Praktizierende der Spiraldynamik\u00ae<\/li>\n<li>03\/05 &#8211; 11\/05 Qi Gong<\/li>\n<li>05\/04 &#8211; 06\/04 Traditionelle Chinesische Therapie<\/li>\n<li>09\/01 &#8211; 10\/01 Cranio Sacrale Therapie<\/li>\n<li>09\/97 &#8211; 11\/99 Manuelle Therapie<\/li>\n<li>03\/93, 10\/04 Beckenbodentraining<\/li>\n<li>u.v.a.m.<\/li>\n<\/ul>","protected":false},"excerpt":{"rendered":"<p>Promotion Promoventin der Charit\u00e9 Universit\u00e4tsmedizin Berlin Erstbetreuerin Prof. Dr. Sabine Schleiermacher Thema Die Geschichte der Berufe in der Physiotherapie und deren Reglulierung durch Berufsgesetze Lehr-Erasmus ZHAW Gesundheit in Winterthur\/Schweiz im M\u00e4rz 2018 Haute Ecole Libre de Bruxelles Ilya Prigogine (HELB-IP) in Br\u00fcssel\/Belgien im November 2018. Publikationen Ver\u00f6ffentlichungen in Zeitschriften Online Ver\u00f6ffentlichungen Studium zur Diplom Medizinp\u00e4dagogin &hellip; <a href=\"https:\/\/physiotl.de\/?page_id=50\" class=\"more-link\"><span class=\"screen-reader-text\">\u00dcber mich<\/span> weiterlesen<\/a><\/p>\n","protected":false},"author":1,"featured_media":0,"parent":0,"menu_order":0,"comment_status":"closed","ping_status":"closed","template":"","meta":{"footnotes":""},"class_list":["post-50","page","type-page","status-publish","hentry"],"_links":{"self":[{"href":"https:\/\/physiotl.de\/index.php?rest_route=\/wp\/v2\/pages\/50","targetHints":{"allow":["GET"]}}],"collection":[{"href":"https:\/\/physiotl.de\/index.php?rest_route=\/wp\/v2\/pages"}],"about":[{"href":"https:\/\/physiotl.de\/index.php?rest_route=\/wp\/v2\/types\/page"}],"author":[{"embeddable":true,"href":"https:\/\/physiotl.de\/index.php?rest_route=\/wp\/v2\/users\/1"}],"replies":[{"embeddable":true,"href":"https:\/\/physiotl.de\/index.php?rest_route=%2Fwp%2Fv2%2Fcomments&post=50"}],"version-history":[{"count":34,"href":"https:\/\/physiotl.de\/index.php?rest_route=\/wp\/v2\/pages\/50\/revisions"}],"predecessor-version":[{"id":339,"href":"https:\/\/physiotl.de\/index.php?rest_route=\/wp\/v2\/pages\/50\/revisions\/339"}],"wp:attachment":[{"href":"https:\/\/physiotl.de\/index.php?rest_route=%2Fwp%2Fv2%2Fmedia&parent=50"}],"curies":[{"name":"wp","href":"https:\/\/api.w.org\/{rel}","templated":true}]}}